 the prime factors of m?
2, 3
Let q(p) = -1986*p + 28. Let c be q(-5). Suppose -28*a + 2*a + c = 0. What are the prime factors of a?
383
Let o = 22001 + -21866. What are the prime factors of o?
3, 5
Suppose 0 = 4*m - b - 15, 3*m + 4*b - 25 = 10. Suppose -2*p + 4 = -0, 0 = -m*o - 4*p + 7158. List the prime factors of o.
2, 5, 11, 13
Suppose 5*j - 1 - 2 = 3*m, 4*j - 24 = -3*m. Suppose 4*p - 4*r = p + 1165, -j*r = 4*p - 1520. What are the prime factors of p?
383
Suppose -1 = -22*i - 1. Suppose 20 = -4*h - 0, i = -4*g + h + 497. List the prime factors of g.
3, 41
Let h = 485 + -482. Suppose 0 = h*q - 4*v - 3151 - 1386, q - 1509 = 2*v. What are the prime factors of q?
7, 31
Let i = 129 - 125. Suppose -2*d = -i*c + 6572, -46*c + 3298 = -44*c + 5*d. List the prime factors of c.
2, 3, 137
Let i be 4/18 + (892/(-9))/(-4). Let r = i + -22. Suppose s - 728 = -r*s. What are the prime factors of s?
2, 7, 13
Let j be 16/(-32)*(-97 + 1). Suppose 19*s = 21*s - j. Let x = 265 + s. List the prime factors of x.
17
Suppose -605*b = -604*b - 238. Let z = b + 482. What are the prime factors of z?
2, 3, 5
Suppose -8273300 = -76*y - 295*y. List the prime factors of y.
2, 5, 223
Suppose 124*v - 569770 = 6706. List the prime factors of v.
4649
Let t = -196 + 343. Let x = 214 - t. Suppose 2*z = -z + 4*c + x, -5*z = 4*c - 165. What are the prime factors of z?
29
Let a(q) = -35*q - 57. Let n be 2/(-10) + (-56)/20. Let z be (-15)/(-45) - (-19)/n*1. List the prime factors of a(z).
3, 17
Let u be 11762/12 + 1 + (-35)/30. Suppose -4*t - u + 2612 = 0. List the prime factors of t.
2, 3, 17
Let l = 2251 + 5399. List the prime factors of l.
2, 3, 5, 17
Let t(f) = f**3 - 7*f**2 + 12*f + 14. Let u(z) = 2*z + 2. Let o be u(2). Suppose 0 = -3*w + 2*w + o. What are the prime factors of t(w)?
2, 5
Let r(h) = 14*h**2 - 5*h + 5. Let a be (-195)/6 - 6/(-4). Let w = 33 + a. List the prime factors of r(w).
3, 17
List the prime factors of (-10 - -5 - 6) + 1397.
2, 3, 7, 11
List the prime factors of ((-18)/(90/(-10)))/(4/1130)*25.
5, 113
Suppose -c + 5*c - 756 = -r, 5*r = 4*c + 3780. Suppose 76*u = 82*u - r. What are the prime factors of u?
2, 3, 7
What are the prime factors of ((-373703)/33 + 13)*(-4 + (-20)/(-8))?
19, 47
Let n = 17716 - 26844. Let f be (n/(-10))/(-7) + (-6)/(-15). List the prime factors of (-4)/(-10) + (-1768)/f.
2, 7
Suppose 0 = -25*c + 24*c + 1750. What are the prime factors of c?
2, 5, 7
Let f = 17552 + -8686. Suppose -24*i + 13*i + f = 0. List the prime factors of i.
2, 13, 31
Let z be (-3)/(-1)*(2 - -2). Let b be 12/(-2) + 0*2/(-20). List the prime factors of -47*4*b/z.
2, 47
Let x(d) = -427*d - 95. Let h = -716 - -714. What are the prime factors of x(h)?
3, 11, 23
Let j(d) = d**2 + 5*d - 32. Let a be j(-9). Let t be (-203)/(-21) + a/3. Suppose -t*k + 8*k + 720 = 0. What are the prime factors of k?
2, 3, 5
Suppose 0 = 191*f - 2068156 + 266835. List the prime factors of f.
9431
Let c(d) = d**3 + d**2 + 2*d + 36. Let v(a) = 2*a - 16. Let q be v(8). Let r be c(q). Suppose 4*n = -n + 10, -5*n - r = -g. What are the prime factors of g?
2, 23
Let x(g) = -g**3 + 89*g**2 + 48*g + 36. List the prime factors of x(26).
2, 3, 457
Suppose 4*s = 61 - 17. What are the prime factors of (s/((-22)/(-424)))/((-2)/(-7))?
2, 7, 53
Let j = 27 - 10. What are the prime factors of 1 + -1 + (j + 0)*8?
2, 17
Let s(d) = -d**2 + 52*d + 10418. What are the prime factors of s(0)?
2, 5209
Let w(k) be the second derivative of k**4/12 - 3*k**3/2 + 3*k**2/2 + 14*k. What are the prime factors of w(17)?
139
Let s(j) = 184*j**2 + 2986*j + 2. What are the prime factors of s(8)?
2, 17, 1049
Let z(x) = -6*x**3 - 3*x**2 + x + 2. Let s be z(-1). Suppose c = s*c - 429. Suppose t - 2*d = 76, t - 5*d + c = 3*t. What are the prime factors of t?
2, 37
Suppose 8 = 3*h + t, 2*h + 3*t - 14 = -2*t. Suppose -4*c + 2*u + 454 = 0, -4*c + 563 = c + h*u. Let w = 195 - c. What are the prime factors of w?
2, 41
Suppose 0 = 6*o - o + 5*k + 940, -5*k - 570 = 3*o. Let h = o - -443. Suppose r - h = -r. What are the prime factors of r?
3, 43
Let a be (25344/42)/(6/42). Suppose -25*u = -326 - a. List the prime factors of u.
2, 7, 13
Suppose -4*d + 2*t - 2964 + 68484 = 0, 5*d - 4*t - 81891 = 0. What are the prime factors of d?
3, 43, 127
Suppose -15 = -3*f, 3*y - 161*f = -157*f + 119437. What are the prime factors of y?
3, 13, 1021
Let p = -1134 - -1946. Suppose 2*l - p = -284. Suppose 6*j = 12*j - l. What are the prime factors of j?
2, 11
Suppose -x - 965933 = -11*r, -175626 = 7*r - 9*r + 2*x. What are the prime factors of r?
2, 29, 757
Let m(l) = -52*l + 7. Let k = -292 - -289. List the prime factors of m(k).
163
Let m = 30 + -36. Let f be (-4)/m*(-24)/(-16). Suppose -f = -2*x - u - 2, 0 = 5*x - 5*u - 35. What are the prime factors of x?
2
What are the prime factors of 48/168*14/(-6)*-69*109?
2, 23, 109
Suppose -78*g = -76*g + 5*i - 37359, 5*i - 18697 = -g. What are the prime factors of g?
2, 7, 31, 43
Suppose 5*j + 14*d = 17*d + 42449, d + 42443 = 5*j. What are the prime factors of j?
2, 1061
Let p(v) = v**3 + 2*v**2 - v + 1. Let n(f) = 2*f**3 + 8*f**2 - 5*f - 10. Let r(g) = n(g) - p(g). Let k = 7 - 13. List the prime factors of r(k).
13
Suppose -d + 3*q = 10, -8*d = -3*d + 5*q - 30. Suppose -5*o = 2*y + 128, y - d*o + 156 = -y. Let m = y - -145. List the prime factors of m.
71
Let b = 60474 + -31626. What are the prime factors of b?
2, 3, 601
Suppose -19*u - 2132 = -23431. What are the prime factors of u?
19, 59
Suppose 2*w + 320 - 44481 = -5*z, 3*w + 17653 = 2*z. What are the prime factors of z?
8831
Let g(u) = -4*u**2 + 3*u + 42. Let l(k) = k**2 - k - 1. Let d(c) = -g(c) - 2*l(c). List the prime factors of d(-6).
2, 19
Let g = -267 + 262. What are the prime factors of 1*116/(-4)*-13 + g?
2, 3, 31
Suppose -t + 228 + 46 = s, -3*t = 2*s - 823. Let d = t + -485. Let j = 390 + d. What are the prime factors of j?
2, 3, 5
List the prime factors of ((-16)/(-20)*-1)/4*-1055.
211
Let j be 2/(-4)*2/(-10)*0. Suppose -2*a + 471 = a + 3*x, j = x - 3. What are the prime factors of a?
2, 7, 11
Suppose 62*n + 16534 = 76*n. Suppose -h - n = -5*t, -12*t - h = -8*t - 952. List the prime factors of t.
3, 79
Let f(i) = 2*i**2 + 19*i**2 + 9*i + 2*i**2 + 4. List the prime factors of f(-4).
2, 3, 7
Suppose y = -4*b + 436, 0 = 18*y - 16*y + 4*b - 872. Suppose -2*z - 5*a = -623, -5*a - 1174 - y = -5*z. What are the prime factors of z?
11, 29
Suppose -2*t + 136511 = -0*t - 3*f, 7*t + 2*f = 477726. List the prime factors of t.
2, 19, 449
Let l = 8 - 10. Let s(b) = -11*b**3 + b**2 + 3*b + 5. Let x be s(l). Let z = -51 + x. List the prime factors of z.
2, 5
Let v = 2340 + 6384. List the prime factors of v.
2, 3, 727
Let h = 698 - 370. Suppose -5*c = -15, 2*d - 393 = c + h. What are the prime factors of d?
2, 181
Let u = -21492 - -48776. What are the prime factors of u?
2, 19, 359
Let h(b) = 582*b**2 + 130*b + 206. What are the prime factors of h(-9)?
2, 11, 2099
Let i(y) = -3*y**3 - 10*y**2 - 20*y - 177. Let l be i(-9). Suppose -l - 1096 = -4*v. List the prime factors of v.
619
Suppose -8*v + 24*v = 8*v. Suppose -424 = -5*i + q, -2*q + v = 8. List the prime factors of i.
2, 3, 7
Let v(u) = u**2 - u - 42. Let s be v(7). Suppose 3*g = -0*n + 2*n + 468, s = -5*n. List the prime factors of g.
2, 3, 13
Suppose -2334 = -4*o + 1158. Suppose 5*l = 3*w + 1455, -3*l - 5*w = -0*w - o. What are the prime factors of l?
3, 97
Suppose -5*i = -13 - 12. Suppose -k + 4*n = -50, 2*n = -i*k + 234 + 60. Let l = 110 - k. What are the prime factors of l?
2, 13
Let p = 80 - 85. List the prime factors of (2280/p - 0)/(-1).
2, 3, 19
Suppose -16*k - 53438 + 222718 = 0. Suppose -10*b + k + 420 = 0. List the prime factors of b.
2, 5, 11
Let a = -19792 + 38806. What are the prime factors of a?
2, 3, 3169
Let c(g) = 215*g + 5366. List the prime factors of c(-9).
47, 73
Let j be 3/6 - (4 + (-10317)/6). Suppose -4*l = -0*l - 2*q - j, -5*l - 5*q = -2145. What are the prime factors of l?
3, 11, 13
Let s = -258 + -49. List the prime factors of 1 + s/(-7) + 2/14.
3, 5
Let m(i) = i. Let n(o) = -2 + 0*o - 21 + o - 11. Let c(z) = -6*m(z) - n(z). List the prime factors of c(-14).
2, 3, 11
Let w(x) = -2*x**3 + x**3 - 5*x**3 + 2 + x + 2*x**3. Let n = -391 - -389. List the prime factors of w(n).
